 13) to base 7.
435325
-1343 (base 8) to base 11
-612
313121 (base 4) to base 7
13223
What is -1929 (base 15) in base 3?
-21110110
Convert -12566 (base 9) to base 6.
-103140
What is 46435 (base 8) in base 7?
111361
Convert -22022211 (base 3) to base 5.
-143240
What is -80077 (base 9) in base 16?
-cd4e
Convert 2324 (base 5) to base 6.
1323
360b (base 13) to base 2
1110111000000
What is 20101012 (base 3) in base 13?
2168
-559 (base 16) to base 2
-10101011001
Convert -101000011001011 (base 2) to base 10.
-20683
-110213 (base 4) to base 14
-6a3
Convert 225014 (base 6) to base 3.
222101101
What is -26b (base 14) in base 16?
-1e7
Convert 11728 (base 11) to base 3.
212010001
What is 711 (base 10) in base 11?
597
635 (base 10) to base 2
1001111011
What is -2524 (base 9) in base 11?
-1464
1717 (base 8) to base 5
12400
1011000 (base 2) to base 8
130
What is -365 (base 7) in base 6?
-522
What is -223110 (base 4) in base 10?
-2772
What is -3e15 (base 16) in base 11?
-10a39
Convert -ccb (base 16) to base 13.
-164c
Convert 447 (base 11) to base 3.
201211
Convert -956 (base 10) to base 13.
-587
-1010210 (base 3) to base 13
-4bc
Convert -c0c (base 14) to base 11.
-185a
-200b (base 13) to base 8
-10465
-558 (base 13) to base 2
-1110010110
10030122 (base 4) to base 9
25506
Convert 26063 (base 8) to base 12.
666b
Convert 103 (base 7) to base 15.
37
Convert -4670 (base 16) to base 9.
-26655
51154 (base 8) to base 16
526c
Convert -11a71 (base 11) to base 9.
-25607
What is 4381 (base 11) in base 16?
1690
Convert 8a17 (base 12) to base 13.
6c58
Convert 110000100 (base 2) to base 4.
12010
112221102 (base 3) to base 5
322032
Convert -786 (base 15) to base 5.
-23301
14 (base 9) to base 8
15
Convert 13552 (base 8) to base 12.
3576
-385 (base 9) to base 14
-18c
-100110111011 (base 2) to base 7
-10156
Convert 12122221 (base 3) to base 14.
170d
Convert 4812 (base 11) to base 8.
14241
b77 (base 12) to base 9
2261
Convert 1364 (base 7) to base 16.
218
What is -124 (base 9) in base 16?
-67
1135 (base 10) to base 11
942
What is -5163 (base 15) in base 5?
-1022233
What is -372 (base 15) in base 8?
-1416
What is 44455 (base 8) in base 7?
105421
Convert -1a7b (base 13) to base 16.
-f95
Convert 6a91 (base 11) to base 2.
10010001010000
Convert -442 (base 16) to base 10.
-1090
Convert -10a0 (base 11) to base 7.
-4126
44 (base 12) to base 10
52
3a5 (base 11) to base 5
3403
311401 (base 6) to base 12
12561
Convert 11110100011111 (base 2) to base 12.
907b
-412 (base 14) to base 12
-568
43410 (base 5) to base 10
2980
Convert 369 (base 15) to base 10.
774
33d0 (base 16) to base 3
200012021
-100121310 (base 4) to base 16
-10674
41262 (base 7) to base 5
310324
Convert -76a7 (base 12) to base 13.
-5c59
What is 514 (base 14) in base 2?
1111100110
What is 1a69 (base 13) in base 7?
14405
Convert 2011201 (base 3) to base 6.
11201
What is 32010 (base 4) in base 13?
543
Convert 100011001011100 (base 2) to base 15.
550c
-1212211210 (base 3) to base 13
-13b42
What is -2020021 (base 3) in base 14?
-843
Convert 975 (base 11) to base 13.
6c1
5651 (base 7) to base 15
915
What is -2225 (base 6) in base 15?
-24b
What is 20322032 (base 4) in base 2?
1000111010001110
556 (base 9) to base 14
248
Convert 2120210012 (base 3) to base 9.
76705
1323133 (base 4) to base 5
223103
Convert -2012222 (base 3) to base 14.
-839
Convert -554 (base 8) to base 10.
-364
What is ab08 (base 16) in base 3?
2020001122
What is 2033 (base 6) in base 10?
453
-3632 (base 8) to base 16
-79a
379 (base 11) to base 4
13001
2c20 (base 15) to base 5
300410
Convert -79b (base 14) to base 16.
-5e5
Convert -1001101011 (base 2) to base 9.
-757
Convert -1408 (base 9) to base 3.
-1110022
Convert -120120 (base 4) to base 9.
-2123
Convert -467 (base 10) to base 5.
-3332
Convert 65272 (base 9) to base 13.
168b0
Convert 105124 (base 6) to base 15.
298d
-1111011011 (base 2) to base 13
-5ac
What is -a3a4 (base 13) in base 2?
-101100001010011
What is 5 (base 7) in base 8?
5
Convert 35 (base 11) to base 14.
2a
151542 (base 6) to base 12
85b2
1110101011110 (base 2) to base 10
7518
What is 21011121 (base 3) in base 13?
24c1
Convert -10222 (base 3) to base 14.
-79
29880 (base 11) to base 13
16352
What is -222242 (base 6) in base 8?
-44362
Convert 1272 (base 8) to base 15.
318
-199 (base 15) to base 13
-225
Convert -1167 (base 9) to base 5.
-11441
65731 (base 8) to base 11
1981a
Convert 4053 (base 11) to base 4.
1110012
2055 (base 6) to base 14
255
What is 1846 (base 10) in base 7?
5245
-141442 (base 5) to base 15
-1b17
What is -3055 (base 7) in base 9?
-1417
Convert a87 (base 12) to base 16.
607
What is 2365 (base 8) in base 12?
899
What is 100121120 (base 3) in base 5?
211013
Convert -a40 (base 13) to base 11.
-1344
Convert -2232313 (base 4) to base 2.
-10101110110111
1000100011011 (base 2) to base 14
184b
What is 30641 (base 9) in base 15?
5ec1
-1011010010101 (base 2) to base 3
-21221010
Convert -3231333 (base 4) to base 9.
-22803
-1011 (base 7) to base 13
-210
Convert -2a678 (base 11) to base 8.
-124613
What is 1200 (base 9) in base 11?
740
2b602 (base 13) to base 5
10113210
Convert b76 (base 13) to base 10.
1956
132203 (base 4) to base 6
13015
Convert 2458 (base 9) to base 14.
951
Convert -11546 (base 7) to base 13.
-14b7
What is 530c (base 13) in base 16?
2cf0
2041144 (base 5) to base 10
33924
Convert -11600 (base 10) to base 2.
-10110101010000
-221211011 (base 3) to base 15
-589d
478 (base 9) to base 3
112122
2151 (base 9) to base 11
1211
-253 (base 10) to base 3
-100101
49ba (base 16) to base 7
106012
What is 70222 (base 9) in base 2?
1011010000011101
What is -58c7 (base 15) in base 11?
-13198
8222 (base 11) to base 5
322124
Convert -69355 (base 10) to base 9.
-115121
-201002 (base 3) to base 4
-20003
-13124 (base 6) to base 12
-11a4
-1555 (base 13) to base 5
-44422
What is -24040 (base 6) in base 13?
-1779
What is -10000011010101111 (base 2) in base 3?
-10102020122
Convert 283 (base 11) to base 10.
333
be8 (base 15) to base 9
3622
670 (base 16) to base 4
121300
What is -592 (base 14) in base 4?
-101110
Convert -41441 (base 5) to base 11.
-2077
20001110 (base 3) to base 14
1873
What is 1752c (base 14) in base 11?
40073
Convert 1143 (base 5) to base 14.
c5
-1780 (base 9) to base 5
-20433
Convert 196bb (base 13) to base 6.
1021102
What is 77a8 (base 11) in base 16?
282a
1140100 (base 6) to base 8
164404
What is 13d79 (base 14) in base 3?
2111122001
Convert 11010 (base 2) to base 5.
101
12221211 (base 3) to base 7
15442
-a723 (base 13) to base 8
-55216
-2321 (base 4) to base 3
-20212
-2023 (base 5) to base 7
-524
What is -5524 (base 6) in base 15?
-5a1
Convert 1101011111010010 (base 2) to base 6.
1103442
What is -154 (base 14) in base 5?
-2040
37082 (base 12) to base 16
122a2
Convert 6377 (base 12) to base 9.
15841
5c (base 16) to base 3
10102
3965 (base 11) to base 13
2465
What is 389 (base 10) in base 12?
285
Convert -112231 (base 4) to base 2.
-10110101101
Convert 5231 (base 6) to base 16.
493
Convert -5a (base 13) to base 6.
-203
Convert -1d55 (base 15) to base 4.
-1203230
18405 (base 9) to base 5
401342
What is -1010 (base 4) in base 8?
-104
What is 241 (base 7) in base 12?
a7
Convert 472 (base 10) to base 13.
2a4
Convert -b42 (base 12) to base 6.
-11322
What is fc14 (base 16) in base 5?
4031112
Convert -21102 (base 4) to base 9.
-730
Convert 2313 (base 7) to base 10.
843
What is -3b (base 12) in base 13?
-38
What is -30931 (base 10) in base 13?
-11104
What is -21300 (base 5) in base 15?
-66a
Convert 1560 (base 7) to base 4.
21312
What is -1143013 (base 5) in base 2?
-101010010000001
31021 (base 4) to base 10
841
What is 10a9 (base 13) in base 6?
14452
Convert -760 (base 8) to base 10.
-496
-106375 (base 8) to base 14
-d221
What is -114214 (base 5) in base 15?
-1424
Convert -7643 (base 8) to base 2.
-111110100011
Convert 911 (base 13) to base 12.
a7b
Convert -1221222 (base 3) to base 11.
-1090
1221 (base 5) to base 13
114
Convert 3c4a (base 15) to base 6.
135411
Convert 3453 (base 9) to base 11.
1a17
Convert -1221212221 (base 3) to base 11.
-26a6a
12e (base 16) to base 5
2202
Convert 13116 (base 9) to base 4.
2022030
What is -3204 (base 6) in base 9?
-884
Convert -10110001111 (base 2) to base 10.
-1423
What is 4827 (base 15) in base 7?
6250